11?
11
Suppose 0 = 3*b - 126 + 48. What is the highest common factor of b and 39?
13
Suppose 0*a + 2*a = 40. Calculate the highest common divisor of 8 and a.
4
Let p be (-6)/(-108)*814 + (-4)/18. Let c be (-3)/(-6) + (-17)/(-2). What is the greatest common divisor of p and c?
9
Suppose 6*m = 3*m - 6. Let l(k) = k**3 - 2*k**2 + 2*k - 2. Let f be l(2). Let r be (-23)/m + 3/f. Calculate the highest common factor of r and 65.
13
Suppose -o - 2*o - s = -9, -2*s = 4*o - 12. Suppose -517 = -o*i - 88. What is the highest common divisor of i and 13?
13
Suppose c = -2*c - 27. Let g = 0 - c. Calculate the greatest common divisor of 99 and g.
9
Suppose o = -o + 24. Let m(z) = z**2 - 2*z - 7. Let a be m(5). What is the greatest common factor of a and o?
4
Let x(i) = -5*i + 5*i - 2*i + 1 + 19*i**2. Let o be x(-2). Let q(y) = -y**3 + 7*y**2 + y + 2. Let p be q(7). Calculate the highest common divisor of o and p.
9
Let w = -6 - -2. Suppose -3*j + 3*v + 40 = 4, 3*j = -2*v + 56. Let t = j - w. What is the highest common factor of t and 160?
20
Let i = -17 + 41. Calculate the greatest common factor of 12 and i.
12
Suppose 2*u - 5 = -3*y, 3*y + u = -4*u + 8. Let i(o) = -o + 4. Suppose -5*d = -3*d. Let z be i(d). Calculate the greatest common divisor of y and z.
1
Let k be (0 - (-1 + 2)) + 20. Suppose j - 38 = -j. What is the highest common divisor of j and k?
19
Let n(j) = 10*j**2 + 20*j + 4. Let w be n(-3). Calculate the highest common factor of 119 and w.
17
Let m = -4 - -16. Calculate the highest common factor of m and 108.
12
Let v be (1/1)/(6/(-78)). Let f be v/(-4) + 36/48. What is the highest common factor of 16 and f?
4
Suppose -k = 2*k - 93. Let w = 13 - k. Let z be (-171)/w + 2/4. What is the greatest common factor of z and 5?
5
Let p be 3*-8*3/9. Let s be -24*4/(p*1). What is the highest common factor of 18 and s?
6
Suppose 5*n = 22 - 7, 0 = 2*c - 4*n + 10. Calculate the greatest common factor of 9 and c.
1
Suppose 0 = -3*x + 2*x + 48. Calculate the highest common factor of 6 and x.
6
Suppose -4*t - 4*w + 56 = 0, 3*t + 4*w = -0*t + 44. Calculate the highest common divisor of 108 and t.
12
Let h = 11 - 4. Suppose -5*i - 47 - 88 = -4*d, 100 = 3*d - 5*i. What is the highest common factor of d and h?
7
Suppose -1 = a - 5. Let r be a/(-10)*(-385)/7. What is the highest common divisor of 55 and r?
11
Let f(x) = 4*x. Let a be f(3). Let t = 0 - 0. Suppose -g + t*g = -24. What is the highest common factor of a and g?
12
Let b(u) = -4*u**2 - u. Let x be b(1). Let y(a) = 3*a**2 + 3*a + 2. Let s be y(-3). Let c be (-34)/(-8) + x/s. What is the highest common divisor of c and 44?
4
Let s be 34 + 0 - (0 - -1). Let a = -78 + 89. Calculate the highest common divisor of s and a.
11
Let t = 3 + 0. Let d(m) = -2*m + 12. Let n be d(5). Calculate the greatest common factor of n and t.
1
Suppose -3*m - 2*j = -20, 5*m - 2*j = -25 + 69. Calculate the highest common divisor of m and 1.
1
Let p = 11 + -4. Let c = -21 + p. Let q(f) = -f + 8. Let b be q(c). Calculate the highest common factor of 242 and b.
22
Let o = -3 + 6. Suppose -2*j + o + 9 = 2*h, 3*h + 5*j = 20. Calculate the highest common divisor of 50 and h.
5
Let d be 0 + 44/4 + -1. What is the greatest common divisor of d and 70?
10
Suppose 0 = h - 0*h + 2*f - 22, 0 = h - f - 13. Let j = 1 - 1. Suppose -3*y + j + 6 = 0. What is the highest common factor of y and h?
2
Suppose -12*y + 225 = 57. Calculate the greatest common divisor of y and 42.
14
Let u(b) = -b**2 + 5*b. Let q be u(4). Suppose 2*t - 68 = -2*n + 154, 0 = 2*t - q*n - 216. Calculate the highest common factor of t and 10.
10
Let y be (2/(-3))/(4/(-528)). Let p(z) = z + 3. Let r be p(8). Calculate the greatest common divisor of y and r.
11
Let b be (-33)/(-5) - (-6)/15. Suppose -p + 20 = p. Let y = p + -3. What is the highest common divisor of b and y?
7
Let b be (-9)/(-1) + 6/3. Calculate the greatest common factor of 121 and b.
11
Let b be ((-8)/32)/((-2)/88). Calculate the highest common factor of b and 11.
11
Suppose x - 8 = -x. What is the greatest common divisor of 2 and x?
2
Suppose 5*v = -4*x + 23, 3 = -4*v + v. Calculate the highest common divisor of 7 and x.
7
Suppose 0 = -69*p + 67*p + 40. Calculate the greatest common factor of p and 10.
10
Let p = -1 + -13. Let f be 2/4 + p/4. Let h be -2 - (-16 + f + 0). Calculate the highest common factor of 102 and h.
17
Let i(w) = 2*w**2 + w + 3. Let f be i(-2). What is the greatest common factor of f and 1?
1
Let i = -39 + 58. Let o = 26 + i. Let y = 16 - 7. What is the greatest common divisor of o and y?
9
Let a(q) = 2*q - 1. Let j be a(1). Suppose j = p - 29. What is the greatest common divisor of p and 6?
6
Let d(q) = q + 10. Let j be d(-6). Suppose y = c + 22, j*y - 88 + 0 = 3*c. What is the greatest common factor of 66 and y?
22
Let d = 117 - 78. What is the greatest common divisor of 3 and d?
3
Suppose 18 = -0*h + 3*h - 4*g, -5*h + g = -13. Let y be 1*10/h - 1. Suppose -y*l + 7 = -1. What is the highest common divisor of 10 and l?
2
Let z(d) = d**2 - 5*d - 5. Let s be z(7). Suppose s + 3 = -4*m, 0 = -4*b + 5*m + 7. Let u be (-1)/b - (-39)/2. What is the highest common factor of 4 and u?
4
Suppose 0 = -4*r - 92 + 272. Let d be (-34)/(-10) + (-18)/45. Suppose 0*a - d*a = -r. Calculate the greatest common divisor of a and 75.
15
Let i(u) = 2*u + 1. Let r be i(-8). Let d be (-1263)/r - 2/10. Calculate the highest common factor of d and 21.
21
Suppose -11*t - 4*p + 136 = -7*t, -2*t - p + 69 = 0. What is the greatest common factor of 5 and t?
5
Suppose -4*d - 2*h = -27 - 7, 4*d + 4*h - 24 = 0. Calculate the greatest common divisor of 22 and d.
11
Suppose 0*r - 2*r = -3*i - 4, 2*r + i - 4 = 0. Suppose 2*a = -2*j + 6, r*j - 4*a = a + 20. Suppose p - j = 5. Calculate the highest common factor of 30 and p.
10
Let k(m) = 2*m**3 + 2*m**2 - 4. Let p be k(-3). Let d be (-711)/(-6)*(-8)/(-12). Let l = p + d. Calculate the highest common divisor of l and 26.
13
Suppose -2*q = -146 + 50. Calculate the highest common divisor of 72 and q.
24
Suppose 4*l - 96 = -0*y - 4*y, -100 = -4*l - 5*y. What is the highest common factor of l and 50?
10
Let c be 21/(-24) + 1 + (-1564)/(-32). Calculate the greatest common factor of c and 245.
49
Suppose 2*p + 2*z = -40, 5*p + 130 = 7*z - 2*z. Let b = p + 42. Calculate the greatest common factor of b and 76.
19
Let k be (-12)/42 - 128/(-7). Suppose -2*c + 3*b = 8, c - 2*b = 6*c - k. Calculate the greatest common factor of 3 and c.
1
Suppose 3 = g - 0. Suppose g*a - 4*n = -n + 21, -4*n = 5*a - 17. Calculate the greatest common divisor of a and 10.
5
Suppose 0*m - 3*m + 180 = 0. Suppose -1 = b, -2*p = -0*p + 4*b + 4. Suppose -5*w + 10 = 0, -2*r + p*r + 18 = -3*w. What is the highest common factor of r and m?
12
Let h = 15 + -13. Let d(l) = l**3 + 5*l**2 - 6*l + 4. Let i be d(-6). Calculate the greatest common factor of i and h.
2
Let r = 158 - -13. Calculate the greatest common factor of r and 9.
9
Let c be (-8)/(-12)*-1 + (-47)/(-3). What is the greatest common divisor of c and 20?
5
Let m = -14 + 20. Let b = m - 2. Suppose 0 = 7*f - b*f - 15. Calculate the greatest common factor of f and 1.
1
Suppose 2*p - m + 3*m - 12 = 0, -3*m + 22 = 5*p. Let u be 65 - (-3)/(-6)*p. Calculate the greatest common divisor of u and 8.
8
Let o(d) = -d - 1. Let r be o(-1). Suppose u + 0*u + 12 = r. Let w = 25 + u. What is the greatest common divisor of w and 13?
13
Let b(g) = 6 + 0*g**3 + g + g**3 - g**2 + 7*g**2. Let u be b(-6). Suppose a - 111 + 7 = u. What is the highest common factor of 13 and a?
13
Suppose -3*u = -2*u - 176. Let r = u - 66. Let h(k) = 2*k + 2. Let s be h(4). What is the highest common divisor of s and r?
10
Let v(o) = -12*o - 3. Let q be v(-2). Suppose -5*u = 0, -3*s + 4*u + 2 + 7 = 0. What is the highest common factor of q and s?
3
Let j(c) = -11*c - 5. Let d be j(-3). Suppose 6*x - 8 = d. Let h(o) = 6*o**2 - 2*o. Let q be h(3). Calculate the greatest common divisor of q and x.
6
Let j be (4/2)/(246/(-50) + 5). What is the greatest common divisor of 50 and j?
25
Suppose 0 = -11*u + 9*u + 220. Suppose 0 = 2*z - 151 - 457. Let d be z/14 - 6/(-21). What is the greatest common factor of u and d?
22
Let f = 13 - 3. Calculate the greatest common divisor of f and 5.
5
Let v(x) = x**2 + 